git of s?
3
Let z(u) = -u**2 - 2*u + 4. Suppose 0 = -5*k + 25, -2 = -3*v - 2*k - 7. Let f be v/15 - 2/(-6). What is the units digit of z(f)?
4
Let d(w) = -2*w**3 - 8*w**2 - 3*w - 5. What is the units digit of d(-7)?
0
Suppose 5*j + 5 - 20 = 0. Suppose -5*t + 203 = j*y, y = -2*y - 3*t + 195. What is the units digit of y?
1
Let m be 1/(-3 - -4) + -2. Let k(h) = -6*h**3 - h**2 - 2*h - 1. Let b be k(m). Suppose -8*j + 74 = -b*j. What is the units digit of j?
7
Let u(q) = -q**2 - 13*q - 2. Let w be u(-11). Let j = w + -29. Let k(m) = -m**3 - 8*m**2 + 9*m + 8. What is the units digit of k(j)?
8
Let r = -46 + 53. Suppose 479 + 130 = r*s. What is the tens digit of s?
8
Let h be 1/(-3) - (-845)/30*2. Let f = -35 + h. What is the units digit of f?
1
Let d be ((2144/(-6))/4)/((-3)/9). Suppose 0 = 4*s - d - 228. What is the tens digit of s?
2
Let r(y) = y - 1. Let k be r(1). Let z be k + -1*(-1 - -1). What is the units digit of (-3 - -5 - z)*4?
8
Let s be (6/9)/(2/3) + -66. Let u = -39 - s. What is the tens digit of u?
2
Suppose 5*g - 6*g = 46. Let s = g + 27. Let l = s - -43. What is the tens digit of l?
2
Let h(q) = 8 - 29*q + 69*q + 40*q + 4*q. What is the tens digit of h(2)?
7
Suppose -4*m + 5*x + 3051 = 111, 0 = 2*m - 5*x - 1470. What is the hundreds digit of m?
7
What is the tens digit of 40*5*(-52)/(13/(-1))?
0
Let w(q) be the third derivative of -q**5/60 + q**4/24 + q**3 - 11*q**2. Let n be w(4). Let b(z) = z**3 + 8*z**2 + 8*z - 4. What is the tens digit of b(n)?
2
Suppose 5*z - 5*x - 6255 = 0, -2*z + 2881 = 3*x + 359. What is the tens digit of z?
5
Suppose 3*z = 3*l - 0*l + 9, z + l = -1. Suppose 2*v = v + 3*g, -2*v + 5*g = -z. Suppose 2*r - 3 + 95 = v*w, 0 = -w + r + 30. What is the units digit of w?
2
Suppose -3*p + 170 = -40. Suppose -5*b + p = -5. Let g = b - 10. What is the units digit of g?
5
Let q(z) = -z**2 + 35*z - 54. What is the hundreds digit of q(22)?
2
Let y(a) = a**3 - a**2 - 15*a + 24. What is the tens digit of y(5)?
4
Suppose 0 = 2*n - 4*n + 3*h + 351, 2*n + h = 347. Let q = 345 - n. Suppose -w + 4*w = q. What is the tens digit of w?
5
Let d = 261 + -198. What is the tens digit of d?
6
Suppose -3*y - 2 = 2*v, 5*y + 4 = v + 31. Let f(q) = -18*q + 29. What is the units digit of f(v)?
5
Suppose 6*a - 2*a = 768. Let q = a + -292. What is the tens digit of q/12*-3*1?
2
Let j = -209 + 725. What is the hundreds digit of j?
5
Let f(j) = 40*j + 34. What is the hundreds digit of f(3)?
1
Let j = -168 - -133. What is the hundreds digit of (-2580)/j*(-14)/(-4)?
2
Let s be ((-21)/14)/((-9)/282). Let p(z) = -2*z + 1. Let i be p(-1). Suppose -i*c + s - 5 = 0. What is the tens digit of c?
1
Suppose c = 4*m - 2703, -m - c + 3372 = 4*m. What is the units digit of m?
5
Suppose 13*k - 5*k = 2624. Let b = k + -223. What is the tens digit of b?
0
Let j be (12/(-10))/(6/(-105)). Let o = j + 39. What is the units digit of o?
0
Let a(k) = 11*k**2 - 12*k - 14. Let d be a(8). Suppose 5*r + r - d = 0. What is the units digit of r?
9
Let b(m) = -m**2 + 10*m - 4. Let h(w) = w**2 + 8 - 9*w + 2*w + w. Let l be h(6). What is the units digit of b(l)?
2
Let z(g) = -3*g**3 + g - 1. Let f be z(1). Let u be (5 + f)/((-2)/(-6)). Suppose 5*h = u*h - 3. What is the units digit of h?
3
Suppose 38*p + 48664 = 82*p. What is the hundreds digit of p?
1
Suppose 25*o + 1119 = 28*o. What is the hundreds digit of o?
3
Let k(a) = -a**2 + 3*a + 26. Let o be k(-4). What is the hundreds digit of o - -3 - (-536)/4?
1
Suppose s = 4*m - 16, 30 = 2*m - 0*s + 5*s. Let g(v) = 13*v + 4. What is the tens digit of g(m)?
6
Suppose -5*m - 3*s = -55, 0*m - 5*s = -m - 17. Suppose m*w - 1413 = -469. What is the units digit of w?
8
Let y = 3992 - 1838. What is the hundreds digit of y?
1
Suppose 5 = -5*x + 3*m + 30, -3*x + 5*m - 1 = 0. Suppose -u - 2*p = -x, 25 = -5*u + 5*p + 65. What is the units digit of u?
8
Let p be ((-3)/6 - 1)*636/(-3). Suppose h - p = -4*d, 3*h - 23 - 51 = -d. What is the units digit of d?
0
Let j(g) = -4*g - 13. Let c be j(-5). Suppose c*b - 21*b = -2310. What is the tens digit of b?
6
What is the units digit of (1000/12)/2*(-6)/(-1)?
0
Let h = 102 + 1549. What is the tens digit of h?
5
Suppose -5*h + 11*h = 180. Suppose h*f - 265 = 29*f. What is the units digit of f?
5
Let b = 85 + -128. Let i(y) = y**2 - y + 74. Let r be i(0). Let u = r + b. What is the units digit of u?
1
Suppose 3*i = -j - j - 4, -10 = 2*j. What is the tens digit of (i/4 - 795/(-18))*3?
3
Let c = 10 + -6. Suppose -5*o + 25 = 5*j, 17 = c*o - 0*o + 5*j. Let q = 29 - o. What is the tens digit of q?
2
Let i(d) = 2*d**2 + 14*d + 1. Let t be i(-9). Let g = 159 - t. What is the hundreds digit of g?
1
Let t(l) = -2*l - 12. Let w(b) be the second derivative of -b**3/6 - 11*b**2/2 - 6*b. Let k(f) = 3*t(f) - 4*w(f). What is the tens digit of k(-14)?
3
Suppose 171 = 2*x + 4*d + 43, 0 = -4*x + 2*d + 246. Let v = 89 - x. What is the units digit of v?
7
Let i = 43 + -38. Suppose 5*l = 5*w - 565, -w + i*l + 77 + 16 = 0. What is the units digit of w?
8
Let r(h) = -6 - 13 + 2*h + 2 + 2. Let d be r(12). Suppose 4*q = d*q - 100. What is the tens digit of q?
2
Let f(q) be the first derivative of q**4/4 - 7*q**3 + 21*q**2/2 + 5*q - 5. What is the tens digit of f(20)?
2
Let h(j) = 2*j**2 - 6*j - 29. Let q be h(10). Suppose -5*m - 111 = -d - 2*m, d - q = -4*m. What is the tens digit of d?
1
Let f = -975 - -3222. What is the units digit of f?
7
Let p(u) be the first derivative of 3*u**2 - 8*u + 4. Let q be p(6). Let t = q + -16. What is the units digit of t?
2
Let q = -13 - -16. Suppose -2*r + 22 = -4*u, q*r - 2*u - 27 = -6. Suppose c - 31 = r*v, -2*c + 4*v = -5*c + 150. What is the units digit of c?
6
Let u = 294 - -209. What is the hundreds digit of u?
5
Let z be 1/2*(2 - 1)*2. Suppose 0 = -d + z, 5*a + d - 609 = 2*d. What is the units digit of a?
2
Let s(h) = -h**2 - 9*h - 1. Let j be s(-8). Suppose -j*g = -3*g - 40. What is the tens digit of g?
1
Let o(q) = 3*q - 3. Let m be o(5). Let h be (175 - -1) + -8 + m. Suppose 2*y - h = -3*v - 2*y, -5*v + 295 = 5*y. What is the units digit of v?
6
Let a(g) = 12*g - 71. Let y = -12 - -33. What is the tens digit of a(y)?
8
Let k(a) = a**3 - 3*a**2 + 41*a - 2. What is the thousands digit of k(12)?
1
Let y be 4/18 - (-64)/36. Let f(l) = -5*l - 9 + y*l + 7 - 15. What is the units digit of f(-13)?
2
What is the thousands digit of 376/470 + 17742/10?
1
Let d = -33 - -35. Suppose -d*h + 109 = -147. What is the units digit of h?
8
Suppose -2*q + 9 = 4*t - 3*q, -5*t + 2*q = -9. Suppose 4*b - t*b - 6 = 0. Suppose 4*f - 146 - b = 0. What is the tens digit of f?
3
Suppose y - 2*y = 2. Let i(x) = 2*x**2 - 3*x - 3. Let z be i(y). Suppose 67 - z = 4*f. What is the tens digit of f?
1
Suppose -6*q - 3 - 3 = 0. What is the units digit of ((3 - 4) + -41)*q?
2
Let l = -50 - -50. Suppose h + 0*u - 2*u = 59, l = -h - 5*u + 38. What is the tens digit of h?
5
Let a = 17 - 21. Let f be (-4)/22 + a/(-22). Let h(j) = j**2 - j + 14. What is the units digit of h(f)?
4
Let w = 116 - 254. Let a = 96 + w. Let j = a - -78. What is the tens digit of j?
3
Suppose -10*t = -4*t - 22788. What is the thousands digit of t?
3
Let z(l) be the second derivative of -l**3/6 + 7*l**2 + 3*l. Let f be z(16). Let q(b) = -18*b - 3. What is the units digit of q(f)?
3
Suppose -3*x - 13 = 4*l, -4 = -x + 2*l - 5. What is the units digit of (-4)/x + (-32)/(-3)?
2
Suppose -4*h + 1191 = 15*z - 12*z, 3 = 3*z. What is the hundreds digit of h?
2
Let n = 14 - -197. Suppose n = u + 54. What is the units digit of u?
7
Let d = 46 - -64. Let n be 3/(1 - -5)*d. What is the units digit of 615/n + (-2)/11?
1
Suppose -3*f + 649 = 3*i + 2*i, 5*i + 599 = 3*f. Suppose 5*u - f = u. What is the tens digit of u?
5
Suppose -3*w + 4583 = 4*m - 2470, 2*w - 4707 = -m. What is the hundreds digit of w?
3
Let z(g) = 466*g - 111. What is the thousands digit of z(6)?
2
Suppose -3*r + 76 = r. Let h be 9/(-6)*4/(-6). Let b = h + r. What is the units digit of b?
0
Suppose -22 = 2*b + 2*n - 0*n, 4*b + 42 = -2*n. What is the units digit of 3 - (-1 + b) - 3?
1
What is the tens digit of 4/(-6)*4521/(-11)?
7
Let r(a) be the second derivative of a**5/20 - 13*a**4/12 + a**3/2 + 7*a**2 + 11*a. What is the units digit of r(13)?
3
Suppose 0 = g - 2*g. Suppose g = 2*o + 2*o -